(base 6) in base 16?
-845
What is 3402 (base 9) in base 16?
9d1
-1111100101 (base 2) to base 9
-1327
What is 20668 (base 11) in base 6?
351134
-2023324 (base 5) to base 8
-100304
What is -100202 (base 3) in base 6?
-1115
4a5 (base 12) to base 3
221222
Convert 37257 (base 8) to base 4.
3322233
433545 (base 6) to base 5
2121344
Convert 863 (base 16) to base 12.
12ab
Convert -302 (base 7) to base 16.
-95
10331 (base 6) to base 4
112033
Convert -4068 (base 10) to base 8.
-7744
Convert -3428 (base 15) to base 9.
-16152
Convert 708 (base 10) to base 14.
388
-330 (base 16) to base 14
-424
Convert 43d0 (base 16) to base 10.
17360
612 (base 8) to base 3
112121
What is 1100110000 (base 2) in base 3?
1010020
What is 1ad1 (base 16) in base 4?
1223101
Convert 16ec (base 15) to base 6.
34523
10021001 (base 3) to base 11
1871
What is -1100110011000101 (base 2) in base 3?
-2122220112
What is -281 (base 11) in base 8?
-513
What is 154 (base 13) in base 6?
1034
-340013 (base 5) to base 4
-2321223
Convert -3a4 (base 12) to base 10.
-556
What is 64262 (base 8) in base 2?
110100010110010
-c6bb (base 16) to base 5
-3112000
Convert -100001110 (base 2) to base 5.
-2040
8c0 (base 16) to base 4
203000
Convert d073 (base 16) to base 7.
311402
What is 24b (base 13) in base 6?
1505
-21227 (base 8) to base 10
-8855
1200121001 (base 3) to base 15
9cad
Convert 16 (base 11) to base 5.
32
66224 (base 8) to base 6
332404
-1022131 (base 5) to base 7
-101022
What is 15240 (base 7) in base 15?
13cc
Convert -240 (base 11) to base 16.
-11e
-15382 (base 14) to base 13
-1b086
What is -540 (base 10) in base 8?
-1034
What is 75003 (base 8) in base 7?
160031
What is 715 (base 13) in base 12?
841
523 (base 9) to base 3
120210
354 (base 14) to base 10
662
What is -18aa (base 11) in base 3?
-10022121
-102242 (base 9) to base 8
-166443
What is -175 (base 16) in base 15?
-19d
-1212010 (base 3) to base 9
-1763
Convert 1211121 (base 3) to base 13.
7c0
-2543 (base 7) to base 11
-7a5
-527 (base 14) to base 12
-707
What is 132312 (base 5) in base 4?
1103110
14522 (base 14) to base 15
ee02
What is -12002011 (base 4) in base 10?
-24709
2228 (base 11) to base 12
1846
-5317 (base 8) to base 7
-11032
-2100143 (base 5) to base 3
-1202012221
Convert 4192 (base 12) to base 14.
287c
Convert -1450 (base 9) to base 7.
-3126
-7a3 (base 14) to base 13
-8c7
-71 (base 11) to base 4
-1032
Convert 212a (base 14) to base 5.
140342
Convert -11000010000001 (base 2) to base 5.
-344132
-11245 (base 11) to base 3
-211022100
-2102 (base 12) to base 3
-11221102
Convert 1a (base 12) to base 6.
34
What is 14042 (base 5) in base 16?
47b
What is 1774 (base 10) in base 5?
24044
What is 17242 (base 8) in base 3?
101202110
283a (base 13) to base 6
42455
What is 1365 (base 9) in base 12?
71b
Convert -b43 (base 12) to base 6.
-11323
What is -5022 (base 6) in base 14?
-582
-222214 (base 5) to base 6
-100053
-5130 (base 14) to base 5
-421313
What is 715 (base 8) in base 5?
3321
6515 (base 15) to base 3
1002100102
Convert 1001 (base 6) to base 8.
331
What is 135881 (base 9) in base 2?
10100010010011010
Convert -116 (base 7) to base 10.
-62
-1432 (base 14) to base 4
-313310
Convert 9137 (base 11) to base 8.
27554
What is 2b8 (base 14) in base 5?
4204
What is -717 (base 10) in base 14?
-393
Convert -7d (base 14) to base 9.
-133
What is 6010 (base 15) in base 4?
10330221
Convert -123222 (base 4) to base 6.
-12110
Convert 61333 (base 7) to base 12.
8774
Convert 41014 (base 5) to base 8.
5112
47250 (base 10) to base 14
13310
101110000010 (base 2) to base 16
b82
-164 (base 15) to base 11
-270
What is 232 (base 12) in base 11?
277
What is -1332411 (base 6) in base 9?
-123117
Convert -11223 (base 4) to base 16.
-16b
What is 297 (base 15) in base 11?
499
-41036 (base 9) to base 15
-8006
What is a709 (base 11) in base 12?
8246
7563 (base 13) to base 6
203253
Convert 100010000000 (base 2) to base 15.
9a1
Convert -142532 (base 6) to base 15.
-4062
-340234 (base 7) to base 10
-60148
What is 6a07 (base 11) in base 16?
23f3
Convert -2224 (base 5) to base 14.
-186
Convert -379b (base 15) to base 14.
-4462
Convert 6598 (base 12) to base 9.
16328
Convert 1101101010 (base 2) to base 6.
4014
Convert -3952 (base 16) to base 13.
-68aa
10759 (base 10) to base 11
80a1
Convert -1011211 (base 3) to base 13.
-511
1112121 (base 3) to base 5
13443
Convert -206 (base 12) to base 6.
-1210
Convert -1331311 (base 4) to base 12.
-47b1
Convert -434 (base 11) to base 2.
-1000001001
-10221 (base 5) to base 8
-1256
What is -480 (base 14) in base 2?
-1110000000
-1111101100001 (base 2) to base 9
-12015
What is 633 (base 11) in base 9?
1036
What is -213 (base 6) in base 10?
-81
3183 (base 10) to base 2
110001101111
What is 2322232 (base 4) in base 3?
121101121
-31566 (base 7) to base 11
-5987
Convert 4d3 (base 15) to base 7.
3126
What is -7b9 (base 12) in base 3?
-1120120
What is 1661 (base 12) in base 9?
3581
Convert 2ca1 (base 13) to base 2.
1100110011001
Convert 1107 (base 14) to base 11.
223a
-17761 (base 10) to base 16
-4561
What is 240e (base 15) in base 2?
1110111110000
Convert -808 (base 15) to base 10.
-1808
Convert 1880 (base 12) to base 9.
4066
What is -1101101010 (base 2) in base 13?
-523
What is 802a (base 11) in base 7?
43065
43 (base 11) to base 15
32
-1301 (base 9) to base 3
-1100001
What is -2d3 (base 16) in base 6?
-3203
125a (base 11) to base 2
11001100110
Convert 571 (base 10) to base 12.
3b7
603 (base 7) to base 13
19b
-4057 (base 8) to base 15
-94a
What is -2aa31 (base 11) in base 9?
-66116
What is 4491 (base 11) in base 12?
3504
Convert 845 (base 10) to base 3.
1011022
What is -3712 (base 16) in base 2?
-11011100010010
-586 (base 10) to base 2
-1001001010
1c1 (base 13) to base 15
16b
Convert -1b6c (base 14) to base 7.
-20365
Convert 8cc2 (base 15) to base 6.
350202
Convert 4b8 (base 13) to base 12.
58b
-7c4 (base 16) to base 10
-1988
What is -94 (base 13) in base 12?
-a1
-106543 (base 7) to base 6
-224341
What is -be12 (base 15) in base 10?
-40292
Convert 43212 (base 9) to base 8.
67674
Convert 92 (base 13) to base 7.
230
Convert 20 (base 16) to base 6.
52
Convert 1535 (base 9) to base 15.
52b
Convert 35578 (base 9) to base 16.
5cfc
Convert 212021 (base 3) to base 4.
21310
What is 2111222 (base 3) in base 2?
11100101011
-5759 (base 10) to base 13
-2810
What is -11001110110 (base 2) in base 10?
-1654
What is 12a (base 16) in base 15?
14d
10044 (base 6) to base 13
7ab
a746 (base 11) to base 7
56264
What is 865 (base 10) in base 11?
717
What is 65 (base 15) in base 4?
1133
What is 1131403 (base 5) in base 12?
10099
-41142 (base 9) to base 16
-69d4
-15942 (base 11) to base 8
-53637
What is -444110 (base 5) in base 8?
-36252
What is 11534 (base 6) in base 10?
1714
What is 31300 (base 5) in base 13?
c38
What is 701 (base 8) in base 14?
241
-7ac6 (base 15) to base 13
-bb29
What is -20122020 (base 3) in base 13?
-2283
What is 454 (base 11) in base 9?
663
What is -1185 (base 10) in base 2?
-10010100001
68b3 (base 12) to base 3
120222200
What is -113a7 (base 12) in base 5?
-1214043
a0a (base 13) to base 4
122210
What is -5255 (base 8) in base 16?
-aad
Convert 4aa (base 14) to base 5.
12214
Convert 30504 (base 7) to base 4.
1310130
What is 20200 (base 6) in base 7?
10524
Convert d08 (base 14) to base 9.
3450
What is 67e9 (base 15) in base 9?
33213
Convert 26 (base 10) to base 9.
28
-19052 (base 10) to base 8
-45154
2012424 (base 5) to base 9
48201
What is 2bf3 (base 16) in base 12?
6617
-8a47 (base 14) to base 15
-7185
What is -115544 (base 6) in base 10?
-10360
What is -322030 (base 4) in base 6?
-25124
-14db (base 16) to base 9
-7282
Convert 4123 (base 7) to base 10.
1438
68d (base 16) to base 4
122031
What is -5774 (base 15) in base 8?
-44177
What is -34201 (base 5) in base 10?
-2426
Convert 722c (base 13) to base 12.
914b
Convert 3023122 (base 4) to base 8.
31332
Convert 155604 (base 7) to base 15.
9200
What is -11111000010 (base 2) in base 7?
-5535
-5aa (base 11) to base 12
-505
-2c0 (base 14) to base 7
-1430
Convert -279c (base 14) to base 11.
-5292
What is c6b (base 16) in base 2?
110001101011
Convert -34233 (base 6) to base 3.
-20122110
What is 7553 (base 8) in base 4?
331223
Convert -17bb (base 16) to base 11.
-4623
Convert -4533 (base 7) to base 8